11
Let l = -10 + 17. Let r be (399/(-342))/((2/(-12))/1). What is the greatest common divisor of l and r?
7
Let t = 18 + -4. Calculate the greatest common factor of t and 98.
14
Let j(w) = w**2 + 3*w - 4. Let u be j(-4). Suppose 0 = -4*a - u*a + 280. Let o = 1066 - 1056. What is the highest common factor of a and o?
10
Suppose 7*p + 7 = 154. Let s(g) = -3*g. Suppose 3*n + 1 = b, -3*b - 7 = -n + b. Let r be s(n). Calculate the highest common factor of p and r.
3
Suppose -44 = -8*a + 84. What is the greatest common factor of 16 and a?
16
Let b be (4/(-12))/((-2)/126). Let u be 1/2 + b/6. Suppose y = -u, 5*y = n + 2*n - 74. Calculate the highest common divisor of n and 27.
9
Let p be 33/(-2)*(-40)/3. Suppose 5*b + 4*l - p = 0, -2*b = 2*b + 2*l - 182. Suppose -3*h = h - b. What is the highest common divisor of 36 and h?
12
Let j(n) = -2*n - 2. Let p be j(-2). Suppose 3 = -p*g + 7. Let w = 11 - g. Calculate the highest common divisor of 1 and w.
1
Suppose -3*l - 2 = -8. Let h = 34 + l. Suppose o - h - 127 = -3*s, 2 = -o. Calculate the highest common factor of 5 and s.
5
Let s(x) = x**2 + 4*x + 11. Suppose 10*i - 5*n + 45 = 5*i, -2*n = 0. Let l be s(i). Calculate the highest common factor of l and 7.
7
Let i(c) = c**3 - 2*c**2 - 10*c + 1. Let b be i(7). Calculate the highest common factor of 16 and b.
16
Let u be (136/(-51))/((-2)/3). Suppose -12 = -5*i + u*i. What is the greatest common divisor of 36 and i?
12
Suppose 0 = -4*y + h - 12 - 17, 21 = -3*y + h. Let r be y - -24 - (-1 + 1). Calculate the highest common divisor of 48 and r.
16
Let c be (24/(-6))/(4/(-66)). What is the highest common divisor of 6 and c?
6
Let c = 3 + -1. Suppose c*f - 11 = -3. Suppose 2*l = f*l - 32. What is the greatest common divisor of l and 4?
4
Let k be -2*(-2)/8*6. Suppose k*x - 260 = -17. Calculate the highest common factor of 9 and x.
9
Let p be 140/18 + 18/81. Calculate the highest common divisor of 20 and p.
4
Let c(y) = -y - 8. Let v(m) = 9. Let b(p) = -5*c(p) - 4*v(p). Let l be b(4). Calculate the greatest common divisor of 12 and l.
12
Suppose 4*g = 13 - 5. Suppose -2*k + 64 = g*k. Suppose 7 = 3*w - 5. What is the highest common factor of w and k?
4
Suppose 0 = -2*p + 10 - 2. What is the greatest common divisor of p and 64?
4
Let g be 4/10*50*1. Let c = 535 - 515. Calculate the greatest common factor of g and c.
20
Suppose 4*d + 0 - 20 = 0. Let w(f) = -4*f + 5 + 2*f**2 - f**2 - 5*f**2 + f**3. Let c be w(d). Calculate the greatest common factor of c and 25.
5
Let m be ((-12)/10)/(2/(-140)). Let c = 29 + -15. Calculate the highest common divisor of m and c.
14
Let o = 11 + -10. What is the greatest common factor of 8 and o?
1
Suppose 14 + 18 = -4*r. Let y be (-92)/r - (-1)/(-2). Calculate the greatest common factor of y and 33.
11
Let t be (-3)/6 - -6*(-54)/(-8). What is the greatest common factor of t and 10?
10
Let d = 47 - 28. Let x = d - 10. What is the highest common factor of x and 27?
9
Suppose 60 = 4*v - 7*m + 3*m, 3*v - 48 = 4*m. Let w(o) = -o**3 + 6*o**2 - o + 4. Let j = -2 - -7. Let q be w(j). What is the greatest common factor of q and v?
12
Let o(h) = -28*h + 4. Let j be o(-2). What is the highest common divisor of 30 and j?
30
Let l(w) = -8*w + 4. Let z be l(-4). Let u(f) = -f + 9. Let k be u(7). Let h be (-3)/k - 66/(-12). Calculate the greatest common factor of z and h.
4
Suppose 2*z + 2*z = 36. Suppose -2*g + 79 = z. Let h = 0 + 7. What is the highest common factor of h and g?
7
Suppose 5*t + 3*t = 200. Calculate the greatest common divisor of t and 275.
25
Let j = -61 - -55. Let i = -16 + 6. Let y = j - i. Calculate the highest common divisor of y and 20.
4
Suppose 0 = w + 3*w - 36. Suppose -v + 2 = 3*j, 0*j - j + 4*v + 18 = 0. Let a be j/(-3) - (-897)/9. Calculate the greatest common divisor of w and a.
9
Let v(g) = -11*g - 6. Let n be v(-6). Suppose 0 = 3*i + i - n. Suppose -3 = -4*h + 17. What is the greatest common factor of h and i?
5
Suppose 767 + 205 = 4*a. Suppose -2*p = -3*m + a, -2*m + 166 = -2*p + 4. Calculate the greatest common divisor of 9 and m.
9
Let k(i) = i**3 + 4*i**2 - 8*i - 3. Let h be k(-5). Suppose 0 = 5*w - 410 - 70. Calculate the greatest common factor of w and h.
12
Suppose 3*z + 3*y - 201 = 0, -4*z - y + 211 = -z. Suppose 0 = 8*t - t - 63. What is the highest common factor of z and t?
9
Let o = 56 + 24. Suppose 3*g = 8*g - 80. What is the greatest common divisor of o and g?
16
Suppose 0 = -x + 63 - 19. What is the greatest common factor of 396 and x?
44
Let c(m) = 3*m**2 - 4*m - 7. Let d be c(-5). Calculate the greatest common factor of 11 and d.
11
Let p be (-12)/(-18)*18/1. What is the greatest common factor of p and 96?
12
Suppose -144 = 2*i + 190. Let l = i + 255. What is the greatest common divisor of l and 8?
8
Suppose 5*x - 102 - 93 = 0. Let u be (-520)/x*(-6)/4. Calculate the greatest common divisor of u and 100.
20
Let j(v) = -v**3 - v**2 + v + 3. Let s be j(0). Let r = 4 + 8. What is the highest common divisor of r and s?
3
Let s(a) = 4*a + 4. Let q be s(3). Suppose 7 = 2*y - 3*x - 6, 2*x = -3*y + 26. Let c be (-2)/4 + 20/y. Calculate the highest common factor of c and q.
2
Let z(x) = -4*x + 1. Let w(u) = -u. Let i(s) = 5*w(s) - z(s). Let p be i(-8). What is the highest common divisor of p and 7?
7
Let d be (-4)/(-18) + (-5500)/(-198). What is the greatest common factor of d and 7?
7
Let m = 109 + -106. Let z = -3 - -5. What is the highest common divisor of m and z?
1
Let l = -8 - -4. Let w = 5 + l. Let o(f) = -6*f - 3. Let u be o(-2). What is the highest common factor of u and w?
1
Suppose 0 = 5*t - 3*w - 16, -2*t + t + 5*w = 10. Let q(o) = 2*o + 9. Let c be q(3). Calculate the highest common divisor of c and t.
5
Let v(n) = n**3 - n**2 - n + 154. Let l be v(0). Let k be l*1 + 0/8. Calculate the greatest common divisor of 14 and k.
14
Let n = 20 - 2. What is the highest common factor of 27 and n?
9
Let j be (4/7)/(2/7). Suppose -4*l = -121 - 23. Suppose 0*h + j*h = l. What is the highest common factor of 6 and h?
6
Suppose -4*y - 3*u - 25 = -8*u, -20 = 3*y - 5*u. Let w(i) = -2*i + 2. Let g be w(y). Let j be -5*(-1 - 4/(-10)). What is the greatest common divisor of j and g?
3
Let d(t) = -2*t**2 + 2*t. Let j(b) = b. Let n(p) = -d(p) - 4*j(p). Let i be n(8). What is the highest common factor of 16 and i?
16
Let i(a) = 24*a**2 + 3*a. Let n be i(-2). Calculate the greatest common divisor of n and 10.
10
Let p(c) = 2*c. Let i be p(5). Suppose x - 3*x + 140 = 0. What is the greatest common divisor of i and x?
10
Let k(p) = 6*p + 10. Let m = 3 - -7. Let n be k(m). Calculate the greatest common factor of 10 and n.
10
Suppose -4*c = -114 - 18. Calculate the highest common divisor of c and 165.
33
Suppose 3*y = -4*d + 19, d + 5 + 3 = -5*y. Calculate the highest common factor of d and 14.
7
Let t be 56/9 - (-4)/(-18). Let q be (-4)/t*1*-3. Suppose -150 = -7*f + q*f. Calculate the highest common divisor of 20 and f.
10
Suppose 2*u - 70 = -22. Calculate the greatest common divisor of 8 and u.
8
Let f = 24 + -21. Suppose 2*v - 34 = 5*c, 2*v - f*v + 2*c = -17. What is the highest common divisor of 187 and v?
17
Let i be (208 - 6) + (-4)/(-2) + -6. Calculate the greatest common divisor of 18 and i.
18
Suppose 4*u - 6 = 2*u. Suppose 5*l - 10*l = -45. Calculate the greatest common factor of l and u.
3
Let t be 2 + -4 - (-17)/1. Let n be -2 - 3/(15/(-160)). What is the greatest common divisor of n and t?
15
Suppose 103 = 6*f - 41. Let r(x) = x**3 + 10*x**2 + 8*x. Let o be r(-6). Calculate the highest common divisor of f and o.
24
Let a = -240 + 506. Calculate the highest common factor of 38 and a.
38
Let t(o) = o**2 - 8*o - 7. Let n be t(9). Let a = n + 2. Calculate the greatest common divisor of a and 4.
4
Let x be 6/(-18)*(-12)/2. Suppose -n + 0*n = j - 4, -j - 4*n = x. What is the highest common divisor of 54 and j?
6
Let c(r) = -3*r - 2. Let i be c(-3). Let b be 7*-2*3/2. Let w = b - -42. What is the greatest common factor of i and w?
7
Let t be 274/6 + (-10)/15. What is the highest common factor of 15 and t?
15
Let x(q) = -49*q - 11. Let a be x(-2). What is the highest common divisor of a and 58?
29
Let x = -76 + 90. What is the greatest common divisor of 7 and x?
7
Let r be (-112)/(-6) + 4/(-6). Calculate the greate